of k?
3
Let t = -593 - -598. Suppose -t*p = -2*z - 5336, -3*z = 3*p - 833 - 2356. What is the tens digit of p?
6
Let g = -140 + 76. Let v be -198*7/(-8) - (-16)/g. Suppose 683 = 15*h + v. What is the units digit of h?
4
Let n = -87 + 100. Suppose -4*v = -8, -2*a + n*v - 12*v = -628. What is the units digit of a?
5
Let b be (-3 - 68/12)*-15. Let w = -131 + b. What is the tens digit of 80 - w - (-7 + 10)?
7
Let k be (-72)/(-32)*(1 + -3 + 10). Suppose -3*s + k = 3*s. What is the tens digit of (675/20)/(1/4) + s?
3
Suppose 0*s + 51899 = 2*t + 5*s, -77861 = -3*t - 5*s. What is the ten thousands digit of t?
2
Suppose 0 = -5*g - 10, -2*g + 28500 = 3*p - 128507. What is the hundreds digit of p?
3
Let t be 0 + 1 - (0 - 1). Let s be 1*(5 + -4) - t. What is the units digit of s + (-2883)/(-27) - 4/(-18)?
6
Let a = -3408 - -3645. What is the tens digit of a?
3
Let x(i) = 643*i**2 - 26*i + 59. What is the tens digit of x(3)?
6
Let s be 2*1 + (-981 - 18) + 2. What is the tens digit of 88/(-11) - s - (-10)/(-2)?
8
Let u(k) = -69 + 32 + 58*k + 33. Let a(q) = -q**3 + 3*q**2 - q + 4. Let p be a(3). What is the tens digit of u(p)?
5
Let u = -8158 + 9940. What is the units digit of u?
2
Let y(c) = -17*c + 5. Let i be y(-3). What is the units digit of i/126*(-27)/(-6)?
2
Suppose -3*j - 42 = -3*z + 78, z - 3*j = 38. Suppose -z*s = -4419 - 2592. What is the tens digit of s?
7
What is the thousands digit of 38/266 + 19711/7?
2
Suppose 3*k = 2*q - 2147, 5*q - 2151 = 3*q - k. What is the units digit of q?
5
Let i = -9607 + 17209. What is the tens digit of i?
0
Let w(k) = 4*k**2 + 2*k + 7. Let r be w(-21). Suppose u = -i + 998, -5*i + r + 2268 = 4*u. What is the tens digit of u?
9
Let b(f) = -6*f - 234. What is the tens digit of b(-57)?
0
Suppose -4*y = 3*s - 19555, s - 3142 = -y + 3377. What is the tens digit of s?
2
Let q(h) = -49*h + 2. Let r(u) = -u**3 + 7*u**2 + 11*u - 5. Let k be r(8). Let w(s) = s - 21. Let x be w(k). What is the hundreds digit of q(x)?
1
Let h = -796 - -790. What is the tens digit of (87/h)/(-8 + 95/12)?
7
Suppose -5*q - 173 = 2*i - 5*i, -5*i + 5*q = -295. Let v = 296 + i. What is the tens digit of v?
5
Let q = 19478 + -13521. What is the thousands digit of q?
5
Let r = -45 + 50. Suppose -r*x = x - 42. Let t(y) = 5*y - 27. What is the units digit of t(x)?
8
Suppose 330*f + 10170 = 342*f - 14490. What is the units digit of f?
5
Let s = -43 - -48. Suppose 15 = -d + 5*b, 5*b + 165 = -s*d - 0*b. What is the tens digit of (-10)/d - (-179)/3?
6
Suppose 0 = 131*h + 596768 - 2098683. What is the thousands digit of h?
1
Let j(l) = -122*l - 75. Let y be j(-4). Let d be -4*(3 + (-60)/16). Suppose 3*k = d, 0 = 11*x - 7*x - 3*k - y. What is the hundreds digit of x?
1
Suppose 10*v - 112032 = -v - 7*v. What is the tens digit of v?
2
Let g = -1998 + 3173. What is the tens digit of g?
7
Let j(l) = 20*l**2 + 338*l + 121. What is the hundreds digit of j(-42)?
2
Suppose 3*u = -a + 3712, 2142 = u + 5*a + 886. What is the tens digit of u?
3
Let v be (-334)/7 - 6/(-105)*-5. What is the hundreds digit of 3 - (0 + 45)/(4/v)?
5
Suppose -2*l = -4*g - 24122, -350*l + 347*l + 3*g + 36189 = 0. What is the thousands digit of l?
2
Suppose -4*z - 7*u + 2*u + 2275 = 0, 3*z - 1712 = 2*u. What is the tens digit of z - (-4)/(24/(-42))?
6
Let w = 361 - 178. Let n be 1698/(-22) - (-6)/33. Let h = w + n. What is the tens digit of h?
0
Let r = 55078 - 39179. What is the ten thousands digit of r?
1
Let b be (-202)/(((-2)/3)/(18/(-27))). Let k = b - -593. What is the tens digit of k?
9
Let y(m) = -m**2 + 3*m + 575. Let f be y(0). Let q = -337 + f. What is the hundreds digit of q?
2
Suppose -7*l = -99 + 22. Suppose -2*r + g = 209, l = 4*g - 9. Let i = -22 - r. What is the tens digit of i?
8
What is the hundreds digit of (-13929*(3 + -2) - (-12 - -10))*-1?
9
Let h(j) = 638*j**2 + 3*j + 3. Let p be h(-1). Suppose 3*z + q - p = 584, z - 3*q = 414. Suppose 5*l - z = -7*l. What is the tens digit of l?
3
What is the tens digit of ((-3087340)/(-870))/(2/3)?
2
Let s = -21257 + 62141. What is the thousands digit of s?
0
What is the hundreds digit of 5*(-10)/675*-3 - 371620/(-36)?
3
Let j be ((-2)/5)/((-31245)/(-6250) - 5). Suppose 4*p = 2*b - 188, -5*b + 3*p + j = -p. What is the hundreds digit of b?
1
Let w = -458 + 446. What is the hundreds digit of (-747)/(-15)*(w - -17)?
2
Let o be -2*(-1 + 2) + 3. Let g be (12 - o)*6 + (-5)/(-5). Let s = -52 + g. What is the tens digit of s?
1
Suppose 2*m + 1113 = -3*u - 0*m, 1877 = -5*u + 4*m. Let a = -34 - u. What is the units digit of a?
9
What is the ten thousands digit of ((-22)/(-484))/(6/10281876)?
7
Let r(b) = -3*b**3 - 26*b**2 + 40*b + 4. What is the hundreds digit of r(-24)?
5
Suppose -5*s + 12*q + 24 = 13*q, -5*q = -20. Suppose -6*i + s*i + 1482 = 0. What is the units digit of i?
1
Suppose -2056*p = -2057*p - r + 32020, -3*r + 15 = 0. What is the units digit of p?
5
Let i = -60 - -52. Let k be 140 + i + (1 + -1)/2. Suppose 0 = -5*l - 6*l + k. What is the units digit of l?
2
Suppose -4*a - r - 1 = -0, -4*a + r + 1 = 0. Suppose a = 4*t, -74 - 286 = -2*c + 5*t. What is the hundreds digit of c?
1
Let h = -953 + 1010. Let d = 298 + -113. Let b = d - h. What is the units digit of b?
8
Let o be (-120)/(-32)*(-4)/(-3). Suppose -5*m - 5*y = -770, o*m - 749 = 2*y - 0*y. Suppose 5*f + 5*d - 1235 = 0, -f + d + m = -86. What is the units digit of f?
2
Let t(k) = 0 - 4*k - 2 + 457*k**2 - 452*k**2. Let z be 2/4*-2 + -3. What is the units digit of t(z)?
4
Let s(x) = -10*x**3 - 11*x**2 + 22*x + 226. What is the hundreds digit of s(-9)?
4
Suppose -1039629 = 350*o - 461*o + 5079468. What is the tens digit of o?
2
Let j be (56/(-35))/(3/(-30)). Suppose 0 = 4*x - 5*c - 281, 4*c - 250 + j = -3*x. What is the tens digit of x?
7
What is the tens digit of (-10 - (-3)/2)*(-15896)/4?
7
Let u = 3 + -1. Suppose -1055 = -3*f + u*t, 38 = -2*f + 4*t + 736. Suppose 5*n - f = 427. What is the units digit of n?
6
Let x(q) = -1245*q - 2228. What is the tens digit of x(-11)?
6
Let r be 3 - (-8 - (-4 - -3) - -3). Suppose 3*j = -4*j - r. What is the units digit of 939/9*(-3)/j?
3
What is the thousands digit of ((-22)/3)/(11 - 1601739/145611)?
9
Let i(t) = 6*t**2 + 64*t - 257. What is the tens digit of i(43)?
8
Let c be 12/9 + (-3 - 1438/(-6)). Suppose 3*x = n - c, 5*x = x - 20. Suppose 3*v = -v + 5*d + n, 4*d = 4*v - 220. What is the units digit of v?
2
Let h be 0 + 2 + (7 + 2 - 20). What is the units digit of 5/(1/(-657)*h)?
5
What is the thousands digit of 38*(-26 - 2)*(-31 - 1)/4?
8
Let o = 2496 - 1433. Suppose -o = -9*c + 10610. What is the units digit of c?
7
Let q(k) be the third derivative of 7/2*k**3 + 0 + 0*k + 11/30*k**5 + 1/12*k**4 + 19*k**2 - 1/120*k**6. What is the tens digit of q(22)?
6
Let p be 53*1 - -2*(-8 - -10). Suppose 5*t - 644 = -2*x, x = t - 69 - p. What is the tens digit of t?
2
Suppose -5*h - 3*p = -41, -13*h + 5*p = -9*h - 18. What is the units digit of (-33*1)/(h/(-63))?
7
Suppose -17*t + 330 = -23*t. Suppose -g - j = g - 5, j = 3. What is the tens digit of -6 - -6 - (1 + t*g)?
5
Suppose -2*s - 15592 = -o, 5*o + 5*s = 4*o + 15634. What is the units digit of o?
4
Let o(j) be the first derivative of -397*j**4/2 - 2*j**3/3 - 2*j**2 - 4*j - 49. What is the units digit of o(-1)?
2
Let w(v) = -2*v**3 + 9*v**2 + 7*v + 1. Let s be w(5). Suppose s*p - 74 = 1774. What is the units digit of p?
8
Let j(d) = 46*d - 3. Let f be (-3)/15 + 12/10. Let g be j(f). Let q = 68 + g. What is the hundreds digit of q?
1
Let s be (-27)/18*100/15. Let z(k) = 11*k**2 + 16*k + 99. What is the units digit of z(s)?
9
Suppose 3*h - 6555 = -m, 0 = -3*m + 5*h + 18223 + 1400. What is the units digit of m?
6
Let q be 37*(-1 - 2)*20/(-3). Suppose 3*d = -4*u - 520 + 1650, -4*u = -2*d + q. What is the hundreds digit of d?
3
Let a = 499 - 495. Suppose -2473 = 4*t - a*w - 8621, -w + 6158 = 4*t. What is the thousands digit of t?
1
Suppose 1493320 - 208552 = -84*z + 108*z. What is the thousands digit of z?
3
Let z(q) = q**3 + 4*q**2 - 7*q + 15. Let r(m) = m**2 + 4*m + 11. Let c be r(-2). What is the units digit of z(c)?
5
Let c be (-12 - -9)*(0 + -3 - -1). Suppose c*j + 121 = -5*j. Let p(r) = 2*r**2 + 11*r - 23. What is the tens digit of p(j)?
9
Let q(m) be the third derivative of -m**5/60 - 17*m*